78*h**2 + 76*h + 7. What is g(-38)?
7
Let z(x) = -491*x - 88. Give z(1).
-579
Let y(d) = -4*d**3 - 54*d**2 - 17*d + 17. Give y(-13).
-100
Let l(y) = 9*y**2 + 12*y - 55. Give l(-4).
41
Let a(o) = 4*o - 48. What is a(12)?
0
Let j(p) = 40*p - 699. Determine j(15).
-99
Let p(u) = 2*u + 715. Calculate p(-352).
11
Let h(g) = -1288*g - 1280. Give h(-1).
8
Let j(r) = r**3 + 15*r**2 + 19*r + 63. Calculate j(-14).
-7
Let o(x) = -x**2 + 91*x - 1141. Determine o(15).
-1
Let b(r) = 2*r**3 - 12*r**2 - 7*r - 11. Give b(4).
-103
Let a(m) = 203*m - 7280. Give a(36).
28
Let d(u) = -1014*u + 6125. Calculate d(6).
41
Let j(u) = -119*u - 2137. Determine j(-18).
5
Let y(f) = f**3 - 7*f**2 + 25*f - 134. Determine y(7).
41
Let m(z) = -z**2 - 413*z + 1241. Calculate m(3).
-7
Let b(m) = 1198*m**3 - 14377*m**2 + 10*m + 14. Determine b(12).
-10
Let l(b) = 63*b - 3297. What is l(58)?
357
Let v(o) = 60*o**2 - 181*o - 3. Calculate v(3).
-6
Let l(d) = -182*d**2 + 2363*d + 4. Determine l(13).
-35
Let t(p) = -p**3 + 12*p**2 + 245*p + 178. Give t(23).
-6
Let o(q) = q**3 + 19*q**2 - 37*q - 59. What is o(-21)?
-164
Let d(n) = -62*n - 110. What is d(-3)?
76
Let m(s) = s**3 - 37*s**2 + 215*s - 138. Calculate m(30).
12
Let p(y) = -11*y + 184. Calculate p(17).
-3
Let r(u) = 91*u - 8648. Calculate r(95).
-3
Let l(o) = -4*o**3 + 36*o**2 - 24*o - 47. Calculate l(8).
17
Let l(i) = 1072*i - 54677. Determine l(51).
-5
Let m(t) = 2*t**3 - 68*t**2 + 169*t - 1296. Calculate m(32).
16
Let o(y) = 579*y + 582. What is o(-1)?
3
Let v(r) = 100*r + 967. Give v(-12).
-233
Let u(s) = 18*s - 130. Determine u(-11).
-328
Let c(g) = -g**2 + 10*g + 495. Give c(23).
196
Let s(b) = b**2 - 26*b - 294. What is s(35)?
21
Let k(o) = -o**3 - 3*o**2 - 8*o - 33. Determine k(-3).
-9
Let d(w) = 2*w**2 + 22*w - 4080. Determine d(-51).
0
Let c(j) = -546*j + 1059. Give c(2).
-33
Let k(v) = 6*v**2 - 27*v - 60. What is k(6)?
-6
Let u(n) = -6*n**2 + 58*n - 73. What is u(6)?
59
Let q(g) = 11*g + 257. Calculate q(-24).
-7
Let n(j) = -111*j - 9991. What is n(-90)?
-1
Let x(d) = -21*d**2 + 360*d - 358. Determine x(16).
26
Let a(b) = -b**3 + 8*b**2 - 19*b + 19. Calculate a(3).
7
Let b(n) = n**3 + 8*n**2 - 31. Calculate b(-5).
44
Let m(o) = -o**3 - 2*o**2 - 29*o - 335. Give m(-6).
-17
Let m(r) = -78*r + 766. Determine m(8).
142
Let y(c) = 132*c + 566. Calculate y(-6).
-226
Let w(s) = -s**3 - 151*s**2 - 306*s - 1176. Give w(-149).
16
Let u(m) = 74*m + 3486. Calculate u(-47).
8
Let y(r) = -56*r + 2743. Give y(49).
-1
Let a(k) = 2*k**3 + 45*k**2 - 47*k - 589. What is a(-23)?
-37
Let i(o) = o**3 + 32*o**2 - 73*o - 133. What is i(-34)?
37
Let r(l) = 45*l**2 - 43*l - 1. Determine r(1).
1
Let f(y) = 7*y**2 + 175*y - 185. Give f(-26).
-3
Let x(t) = -10*t**2 - 150*t + 162. Calculate x(-16).
2
Let z(f) = f**3 - 13*f**2 - 10*f - 4. Calculate z(9).
-418
Let j(m) = -m**3 - 2*m**2 - 26*m - 33. Calculate j(-5).
172
Let f(w) = 17*w - 198. What is f(17)?
91
Let d(j) = -7*j - 248. What is d(-35)?
-3
Let k(m) = 5*m**2 - 85*m - 166. Give k(-2).
24
Let d(h) = -8*h**2 + 19*h + 22. Give d(-4).
-182
Let f(l) = -2*l - 126. Give f(-22).
-82
Let f(c) = -1529*c + 4564. What is f(3)?
-23
Let m(k) = k**3 + 47*k**2 + 132*k + 10. Determine m(-44).
10
Let p(v) = -8*v**3 - 15*v**2 + 74*v - 72. What is p(2)?
-48
Let x(w) = w**3 + 3*w**2 - 23*w + 9. Determine x(5).
94
Let w(q) = -q**2 - 32*q + 691. Calculate w(-34).
623
Let b(d) = -4*d - 29. Calculate b(-21).
55
Let r(w) = 53*w + 90. Calculate r(-3).
-69
Let h(n) = -2*n**2 + 65*n - 478. Determine h(21).
5
Let i(d) = -d**2 - 33*d - 21. Give i(-33).
-21
Let n(t) = -t**3 + 38*t**2 - 72*t + 11. Give n(36).
11
Let s(d) = -d + 6. What is s(23)?
-17
Let m(x) = x**3 + 22*x**2 + 17*x - 121. What is m(-21)?
-37
Let f(r) = r**3 - 14*r**2 + 57*r - 398. What is f(12)?
-2
Let j(n) = -n**3 + 6*n**2 + 4*n + 21. Give j(-5).
276
Let o(s) = -18*s - 188. What is o(-18)?
136
Let k(g) = 5*g**2 - 1100*g - 20154. Determine k(237).
-9
Let c(d) = d**3 - d**2 - 43*d + 44. What is c(1)?
1
Let x(z) = 2*z**3 - 39*z**2 + 14*z + 91. Calculate x(19).
-4
Let o(c) = c**3 - 164*c**2 - 1206*c + 1536. Calculate o(171).
-3
Let f(b) = -93*b - 14234. Give f(-153).
-5
Let t(a) = -a**3 + 20*a**2 + 15*a + 13. What is t(20)?
313
Let r(p) = p**2 + 37*p + 282. Give r(-24).
-30
Let b(h) = 72*h - 2008. Give b(31).
224
Let p(h) = 3*h**2 - 80*h + 213. Determine p(3).
0
Let i(x) = 2*x**3 - 245*x**2 - 382*x + 1238. Determine i(124).
-2
Let p(x) = -29*x**2 - 174*x - 69. Give p(-6).
-69
Let u(i) = -2*i**3 - 2*i**2 - 12*i + 23. Give u(-6).
455
Let x(s) = -s**2 - 150*s + 7816. Determine x(41).
-15
Let t(v) = 33*v**2 + 794*v + 37. Calculate t(-24).
-11
Let x(q) = 10*q**2 + 125*q - 286. Give x(2).
4
Let t(r) = 3781*r - 22697. Determine t(6).
-11
Let y(r) = 3119*r + 12536. Calculate y(-4).
60
Let h(n) = 7*n - 241. Give h(40).
39
Let c(u) = -8*u**2 + 12*u + 18. Calculate c(-3).
-90
Let w(q) = 62*q**3 + 9*q**2 + 11*q + 3. Give w(-1).
-61
Let s(k) = 58*k - 1924. What is s(31)?
-126
Let g(u) = 2*u**2 - 97*u - 27. Give g(0).
-27
Let k(z) = 114*z + 792. Give k(-7).
-6
Let z(l) = -2*l**3 + 43*l**2 - 231*l - 6. Calculate z(11).
-6
Let p(y) = 2*y**2 + 17*y - 28. Calculate p(-10).
2
Let z(j) = -19*j + 45. Calculate z(14).
-221
Let h(l) = 62*l**2 + 1047*l + 38. Give h(-17).
157
Let j(n) = n**3 - 6*n**2 + 12*n + 2. What is j(5)?
37
Let s(n) = -167*n - 2490. Calculate s(-15).
15
Let j(m) = 982*m - 987. Give j(1).
-5
Let g(f) = 3*f**2 - 500*f + 802. Calculate g(165).
-23
Let a(o) = o**3 - 19*o**2 - 58*o + 70. Give a(18).
-1298
Let x(q) = -2*q**2 - 125*q - 185. Calculate x(-60).
115
Let z(d) = -6*d**2 + 251*d - 2540. Give z(17).
-7
Let j(w) = -w**2 - 142*w + 1856. Calculate j(12).
8
Let b(n) = -2*n**2 - 140*n - 389. What is b(-67)?
13
Let v(h) = h**3 - 36*h**2 + 67*h + 34. Determine v(34).
0
Let s(f) = 39*f**2 + 24*f + 78. Determine s(-5).
933
Let q(c) = c**2 + 19*c + 53. Give q(-17).
19
Let b(v) = -896*v - 9804. Give b(-11).
52
Let h(j) = 6*j**2 + 34*j + 71. What is h(-4)?
31
Let c(m) = 2*m**2 - 2122*m + 16846. Determine c(8).
-2
Let b(h) = h**2 - 15*h - 103. Give b(0).
-103
Let n(g) = 24020*g + 216173. Give n(-9).
-7
Let n(k) = 3*k**2 + 44*k + 96. Determine n(-12).
0
Let t(p) = -24*p - 50. Calculate t(6).
-194
Let y(i) = 3*i**2 - 236*i - 82. Determine y(79).
-3
Let c(p) = 189*p - 18155. What is c(96)?
-11
Let f(t) = -3*t**2 - 3*t + 353. What is f(-11)?
23
Let q(n) = -18*n**2 + 472*n - 22. Give q(27).
-400
Let y(p) = 10*p**2 - 653*p - 197. What is y(66)?
265
Let d(h) = -186*h - 141. Determine d(-5).
789
Let d(s) = -s**2 + 32*s + 258. Determine d(-17).
-575
Let w(s) = -277*s - 7. What is w(0)?
-7
Let g(j) = -2*j**3 + 25*j**2 + 40*j - 1. What is g(13)?
350
Let t(j) = 17*j + 1191. Determine t(-58).
205
Let v(n) = n**3 - 14*n**2 + 28. Calculate v(14).
28
Let g(f) = -f + 34. Calculate g(53).
-19
Let m(d) = -38*d + 2824. Calculate m(74).
12
Let v(g) = -196*g + 171. Give v(5).
-809
Let t(b) = b**3 - 7*b**2 + 46*b - 97. Give t(6).
143
Let c(r) = 2*r**3 - 9*r**2 + 12*r - 20. Determine c(6).
160
Let i(l) = 49*l**2 - 436*l + 26. Determine i(9).
71
Let b(l) = -38*l + 1102. Give b(29).
0
Let t(x) = x**3 - 29*x**2 - 6*x - 129. Calculate t(29).
-303
Let z(o) = -91*o**2 - 3185*o + 5. Determine z(-35).
5
Let s(u) = -9*u**2 - 383*u + 224. Give s(-43).
52
Let x(k) = k**3 + 21*k**2 + 17*k + 2. Determine x(-1).
5
Let m(x) = -2*x**3 + 10*x**2 - 62*x + 223. Calculate m(4).
7
Let o(c) = 16*c**2 - 28*c - 10. Determine o(2).
-2
Let l(p) = 2096*p - 20989. What is l(10)?
-29
Let p(i) = -2*i**3 + 19*i**2 + 54*i - 48. Determine p(13).
-529
Let z(n) = 68*n - 1367. Give z(20).
-7
Let d(a) = -11061*a - 44231. Calculate d(-4).
13
Let z(l) = -l**2 + 105*l + 1904. Calculate z(-15).
104
Let y(f) = -2*f**3 - 89*f**2 - 43*f + 74. Give y(-44).
30
Let z(x) = 12*x**2 - 6*x + 15. Calculate z(3).
105
Let v(h) = -2*h**3 + 59*h**2 + 28*h + 124. Determine v(30).
64
Let k(r) = 4*r**3 + 17*r**2 + 9*r - 6. Give k(-2).
12
Let g(n) = -n**3 - 13*n**2 - 65*n - 552. What is g(-11)?
-79
Let r(g) = g**3 - 24*g**2 - 364*g - 234. Determine r(-10).
6
Let o(d) = 10*d**3 + 4*d**2 + 11*d + 17. Calculate o(-2).
-69
Let o(c) = -c**2 - 16*c - 76. Calculate o(-14).
-48
Let u(y) = 13*y - 291. Give u(18).
-57
Let i(z) = 46*z**2 - 370*z + 10. Determ